 15*a. Let f be m/(910/230) - 2/7. Calculate the highest common factor of f and c.
3
Let a be 2931/(-7) + 423/63 + -7. Let s = -319 - a. Calculate the highest common divisor of s and 4.
4
Let b = 4299 + -4068. Calculate the greatest common factor of 1078 and b.
77
Let m(s) be the first derivative of -51*s**2/2 - 41*s - 108. Let v be m(-3). What is the highest common divisor of 70 and v?
14
Let a(c) = -2*c**2 - 48*c + 55. Let i be a(-25). Suppose -6*n - f = -2*n + 1, -i*n - f = 0. What is the greatest common factor of 131 and n?
1
Let n(k) = -2*k**3 + 70*k**2 - k + 24. Let s(r) = 1. Let a(o) = -n(o) + 4*s(o). Let d be a(35). What is the highest common divisor of d and 285?
15
Let d(h) = h**3 - 13*h**2 + 15*h - 19. Let n be d(12). What is the highest common divisor of n and 3077?
17
Let o(d) = 11*d**3 + 22*d**2 - 63*d + 47. Let x be o(8). Calculate the highest common divisor of 29 and x.
29
Let b = -542 + 698. Suppose 44 = 4*x - b. Calculate the highest common divisor of 40 and x.
10
Suppose l - 5*u - 12 = 6, -5*u - 3 = 4*l. Let d be (-3)/l - (-7)/(42/1254). What is the greatest common factor of 13 and d?
13
Let d(i) = i**2 + 48*i + 98. Let y be d(-2). What is the highest common divisor of 24 and y?
6
Let f = -793 + 977. What is the greatest common factor of 24 and f?
8
Suppose 4*p + r + 6 = 169, -5*r = -15. Let w(o) = -2*o**3 - 61*o**2 + 567*o - 94. Let j be w(-38). Calculate the highest common divisor of p and j.
20
Suppose 235 + 1130 = -15*j. Let v = 196 + j. What is the greatest common divisor of 30 and v?
15
Suppose -3*k = -55 - 89. What is the greatest common factor of k and 784?
16
Let k(q) = q - 2. Let m be k(-1). Let b be m/(2/4*-1*3). Suppose r - 5 = -5*g, 0 = -2*r - b*g + 11 + 15. What is the greatest common divisor of 75 and r?
15
Let g(b) = -b**3 - 5*b**2 + b - 11. Suppose 0 = -5*v - 0*v. Suppose 10*i - 5*i + 30 = v. Let f be g(i). Calculate the greatest common factor of 19 and f.
19
Let w be (365/292)/((-30)/(-16)) + (-932)/(-6). What is the highest common divisor of w and 348?
12
Let h(p) = -p**3 + 3*p**2 + 15*p + 37. Let s be h(-5). What is the highest common factor of s and 144?
18
Let i(c) = 4*c**2 + 301*c - 1860. Let p be i(6). Calculate the highest common factor of 180 and p.
90
Suppose -5*t + 11 = -14. Let p be 2/17 + (-3 - (-49)/17). Suppose 4*d + 0*s - 86 = -5*s, t*d + 3*s - 114 = p. What is the greatest common divisor of d and 8?
8
Suppose 0 = -2*l + 152 - 146. Suppose -5*y + 9 = -2*d + 5*d, 9 = l*d - 4*y. Calculate the greatest common divisor of d and 15.
3
Let q be (942/8)/(19/76)*2. What is the greatest common factor of q and 6?
6
Suppose 2*t + 5*a = 357, 0*t + 4*t + 2*a = 722. Let j = t - 171. Calculate the highest common factor of 5 and j.
5
Suppose 3*w + 3*o = 1394 - 800, -5*o - 210 = -w. Suppose 0 = 5*r - 5*d - 105, -2*r + 16 + 14 = -5*d. Calculate the greatest common factor of w and r.
25
Let q(k) = 76*k - 40*k - 39*k + 66. Let y be q(-12). Let l be 68*(-5)/(-70)*7. Calculate the highest common factor of l and y.
34
Suppose -5*l + 232 = 3*o, -4*o - 5*l + 384 = 78. Let f be ((-65)/(-26))/(5/(-60)). Let m = o + f. Calculate the highest common divisor of m and 4.
4
Let k(q) = -5*q + 154. Let x be k(28). Suppose -218 = -x*u + 328. What is the greatest common divisor of 65 and u?
13
Let z(b) = b**3 + 15*b**2 - 40*b - 368. Let x be z(-15). Let l(c) = 13*c + 28. Let g be l(9). Calculate the highest common factor of g and x.
29
Let h(v) be the first derivative of -4*v**2 + 4*v + 1. Let u = -311 - -307. Let g be h(u). Calculate the highest common factor of g and 9.
9
Suppose -51 = -4*h - 171. Let z be (h/8 + 0)/((-24)/(-192)). Let j = z - -40. Calculate the greatest common divisor of j and 80.
10
Let c(z) = -289*z**3 - 11*z + 13*z**2 + 290*z**3 - 5*z**2. Let b be c(-9). Suppose -4*d + 2*d + b = 0. What is the highest common factor of 72 and d?
9
Let i(x) = 26*x**2 - 2 - 10*x**2 + 11*x - 18*x**2. Let b be i(4). Suppose 0 = 5*j - 0*j, 0 = -w - 2*j + 80. What is the highest common divisor of w and b?
10
Let h(s) = -s**3 - 36*s**2 - 38*s - 109. Let f be h(-35). Let x be f - (131/(-7) - (-38)/(-133)). Calculate the greatest common factor of x and 21.
3
Suppose -2608*j - 46517 = -2625*j + 25767. What is the highest common factor of 16 and j?
4
Let y be (-63)/3 - (-2053 + -45). Calculate the greatest common factor of 31 and y.
31
Let z = 146 - 152. Let q(o) = -o**3 + 2*o**2 + 4*o - 14. Let c be q(z). Calculate the greatest common divisor of 20 and c.
10
Let z(r) = 1246*r + 11278. Let b be z(-9). What is the highest common divisor of b and 9408?
64
Let i(q) = -9*q + 200. Let r be i(10). Let j = r - 81. Calculate the greatest common factor of 261 and j.
29
Let a(n) = n + 19. Let y be a(-5). Suppose 0 = 21*t - y*t - 105. What is the highest common factor of 180 and t?
15
Let a(d) = -2*d + 41. Let u be a(7). Let n be (u + -3)/(6/(-4)). Let f be 6/n + (-374)/(-16). What is the greatest common divisor of f and 92?
23
Let c be (-14)/(-3*(-4)/372). Let v = c - -621. What is the greatest common divisor of 11 and v?
11
Suppose 6*r = -16*r + 6470 - 4820. Suppose -2*h = -f - f + 194, -3*f - 5*h + 315 = 0. What is the highest common divisor of f and r?
25
Let k(t) = 26*t**2 - 250*t + 26. Let q be k(-3). Calculate the greatest common factor of q and 20.
10
Let j be 8/(-6)*897/(-26). Let g = 30 - j. Let h = g - -29. Calculate the highest common divisor of h and 91.
13
Let a be 2/(17/(-255)*(-10)/64). Let h = a - 190. What is the greatest common factor of h and 3?
1
Let s(m) = m**2 + 20*m + 56. Let g be s(-21). Let c be ((-21)/(-6) + -3)*0. Suppose 7*j = -c*j + g. What is the highest common factor of j and 33?
11
Suppose -13 = k - 4*k + 2*u, 2*u + 12 = 2*k. Let r(h) = 87*h - 7. Let c be r(k). What is the greatest common factor of 70 and c?
10
Let b be 588/126 - (-1)/(9/3). Suppose -48 = 4*f - 6*f. Suppose 23*i - f*i + b = 0. Calculate the greatest common divisor of i and 15.
5
Let z be 16560/225 - ((-26)/(-10) - 3). What is the highest common divisor of z and 370?
74
Suppose 77*z = 4335 + 219889. Calculate the greatest common divisor of z and 8.
8
Let a be (-63122)/(-18) - (-17 - 3020/(-180)). Calculate the highest common divisor of a and 315.
21
Suppose 6*h - h - 140 = 0. Suppose 0*g + g + 25 = 5*i, -3*i - 2*g = -h. Let x be 36*-9*((-19)/i + 3). What is the highest common divisor of 6 and x?
6
Let c(w) = 59*w**2 + 1660*w - 71. Let u be c(-29). Calculate the highest common factor of u and 272.
16
Let x = 61 - -43. Suppose 455*n - 429*n - 3380 = 0. What is the highest common divisor of n and x?
26
Let b = -170 - -172. Suppose j + 5 = 0, b*j = -2*y + j + 105. What is the greatest common factor of y and 275?
55
Let u(h) = -8*h - 87. Let y be u(-12). Suppose -y*i = -40*i + 744. Calculate the greatest common divisor of 3 and i.
3
Let t(h) be the second derivative of -h**3/6 - h**2 - 15*h. Let p be t(1). Let b be (-192 - 6)*p/2. What is the highest common factor of b and 27?
27
Suppose -3*r + 41 = -34. Let x = 386 + -390. Let t be (-84)/(-8 - x) + 4. Calculate the highest common factor of t and r.
25
Suppose -8 = -2*r + r - t, -2*t + 20 = 4*r. Calculate the greatest common factor of 54 and r.
2
Suppose -5*l - 25 = 0, -7*j + l - 5 = -8*j. Suppose 3*w - j = y, 4*y + 0*y = 3*w - 4. Calculate the highest common divisor of 44 and w.
4
Let a(q) = -168*q - 3662. Let u be a(-22). What is the greatest common divisor of u and 34?
34
Suppose -338*h = -914 - 3142. Let j = -23 - -59. Calculate the greatest common divisor of j and h.
12
Let s = 17484 - 14236. What is the highest common factor of s and 16?
16
Let q(k) = -10*k - 107. Let x be q(-11). Let c be (2/x)/(9/((-189)/(-2))). Calculate the highest common divisor of c and 1.
1
Let i = -199161 + 199162. Suppose 0 = -t + 2*t - 4*s - 35, 0 = -5*t + 4*s + 239. What is the greatest common factor of t and i?
1
Suppose 4*m - 18 = -2*w, -5*m = -4*w - 1 + 11. Suppose -296 = -m*l - 4*g, g - 326 - 280 = -4*l. Calculate the greatest common factor of 190 and l.
38
Let c = 29984 - 19097. What is the greatest common factor of 76 and c?
19
Suppose 0 = -88*p + 4797 + 13419. Calculate the greatest common factor of 7797 and p.
69
Suppose -3*a - a = -3*o + 22, -2*a - o - 16 = 0. Let k be 7/(-49) + (-2094)/a. What is the grea